{"id":17179,"date":"2017-12-14T10:01:28","date_gmt":"2017-12-14T10:01:28","guid":{"rendered":"https:\/\/hardbodysport.ro\/?post_type=product&#038;p=17179"},"modified":"2020-02-25T14:47:12","modified_gmt":"2020-02-25T11:47:12","slug":"amino-power-120-tablete","status":"publish","type":"product","link":"https:\/\/hardbodysport.ro\/index.php\/produs\/amino-power-120-tablete\/","title":{"rendered":"AMINO POWER, 120 Tablete"},"content":{"rendered":"<p><span style=\"color: #ff0000; font-size: large;\"><strong>AMINO POWER<\/strong><\/span>&nbsp;<span style=\"color: #ff0000; font-size: large;\"><strong>4000+&nbsp;<\/strong><\/span>este o formul\u0103 extrem de puternic\u0103, care con\u0163ine peste<strong>4000mg de aminoacizi<\/strong>&nbsp;per por\u0163ie con\u0163inu\u0163i doar \u00een 4 tablete. Sportivii au nevoie de cantit\u0103\u0163i mai mari de aminoacizi dec\u00e2t sedentarii pentru a men\u0163ine o balan\u0163\u0103 pozitiv\u0103 a azotului care asigur\u0103 sinteza proteinelor \u015fi cre\u015fterea muscular\u0103. Formula AMINO POWER 4000+ este astfel constituit\u0103 \u00eenc\u00e2t sa asigure un nivel maxim al azotului, energie \u015fi for\u0163\u0103,&nbsp;ajutand la refacerea tesuturilor musculare si stimuland secretia hormonilor de crestere, marind rezistenta la oboseala.<\/p>\n<p>Ingrediente:&nbsp;concentrat proteic din zer ultafiltrat, ingrediente de tabletare (celuloz\u0103 microcristalin\u0103, stearat de magneziu).<\/p>\n<p>Utilizare:&nbsp;Se recomanda folosirea a 4 comprimate de 2- 3 ori pe zi, intre mesele principale si \u00eenainte de antrenament.<\/p>\n","protected":false},"excerpt":{"rendered":"<p>AMINO POWER&nbsp;4000+&nbsp;este o formul\u0103 extrem de puternic\u0103, care con\u0163ine peste4000mg de aminoacizi&nbsp;per por\u0163ie con\u0163inu\u0163i doar \u00een 4 tablete. Sportivii au nevoie de cantit\u0103\u0163i mai mari de<span class=\"excerpt-hellip\"> [\u2026]<\/span><\/p>\n","protected":false},"featured_media":17779,"template":"","meta":[],"_links":{"self":[{"href":"https:\/\/hardbodysport.ro\/index.php\/wp-json\/wp\/v2\/product\/17179"}],"collection":[{"href":"https:\/\/hardbodysport.ro\/index.php\/wp-json\/wp\/v2\/product"}],"about":[{"href":"https:\/\/hardbodysport.ro\/index.php\/wp-json\/wp\/v2\/types\/product"}],"wp:featuredmedia":[{"embeddable":true,"href":"https:\/\/hardbodysport.ro\/index.php\/wp-json\/wp\/v2\/media\/17779"}],"wp:attachment":[{"href":"https:\/\/hardbodysport.ro\/index.php\/wp-json\/wp\/v2\/media?parent=17179"}],"curies":[{"name":"wp","href":"https:\/\/api.w.org\/{rel}","templated":true}]}}